958 is divided by 2879?
79
Calculate the remainder when 21499 is divided by 16.
11
What is the remainder when 21263 is divided by 16?
15
Calculate the remainder when 2382 is divided by 125.
7
What is the remainder when 2418 is divided by 399?
24
Calculate the remainder when 2843 is divided by 2380.
463
Calculate the remainder when 2740 is divided by 2654.
86
What is the remainder when 2493 is divided by 96?
93
Calculate the remainder when 6322 is divided by 149.
64
Calculate the remainder when 10280 is divided by 1744.
1560
Calculate the remainder when 3775 is divided by 274.
213
What is the remainder when 5448 is divided by 67?
21
What is the remainder when 10143 is divided by 350?
343
Calculate the remainder when 3652 is divided by 191.
23
What is the remainder when 3389 is divided by 3377?
12
Calculate the remainder when 10177 is divided by 105.
97
Calculate the remainder when 537419 is divided by 379.
376
Calculate the remainder when 496691 is divided by 38.
31
Calculate the remainder when 673164 is divided by 505.
504
Calculate the remainder when 41673 is divided by 92.
89
What is the remainder when 496 is divided by 277?
219
Calculate the remainder when 7386 is divided by 3692.
2
What is the remainder when 29707 is divided by 22?
7
Calculate the remainder when 72278 is divided by 260.
258
Calculate the remainder when 9128 is divided by 87.
80
What is the remainder when 224 is divided by 48?
32
Calculate the remainder when 5900 is divided by 277.
83
Calculate the remainder when 173507 is divided by 68.
39
Calculate the remainder when 35514 is divided by 11826.
36
What is the remainder when 9960 is divided by 992?
40
Calculate the remainder when 64122 is divided by 30.
12
Calculate the remainder when 413576 is divided by 89.
82
What is the remainder when 69447 is divided by 5?
2
Calculate the remainder when 57821 is divided by 278.
275
What is the remainder when 95695 is divided by 216?
7
What is the remainder when 153191 is divided by 348?
71
Calculate the remainder when 294745 is divided by 170.
135
Calculate the remainder when 677048 is divided by 137.
131
Calculate the remainder when 25290 is divided by 7.
6
What is the remainder when 5542 is divided by 236?
114
Calculate the remainder when 44043 is divided by 1074.
9
What is the remainder when 1120 is divided by 248?
128
What is the remainder when 7652 is divided by 60?
32
What is the remainder when 20304 is divided by 33?
9
Calculate the remainder when 766831 is divided by 3092.
15
Calculate the remainder when 3144 is divided by 1515.
114
What is the remainder when 141839 is divided by 94?
87
What is the remainder when 26141 is divided by 69?
59
What is the remainder when 1239 is divided by 116?
79
What is the remainder when 7596 is divided by 162?
144
Calculate the remainder when 21505 is divided by 76.
73
What is the remainder when 113044 is divided by 115?
114
Calculate the remainder when 25336 is divided by 795.
691
Calculate the remainder when 3641 is divided by 81.
77
Calculate the remainder when 94659 is divided by 227.
0
What is the remainder when 39424 is divided by 443?
440
What is the remainder when 22039 is divided by 551?
550
Calculate the remainder when 300 is divided by 9.
3
Calculate the remainder when 2676 is divided by 292.
48
Calculate the remainder when 16530 is divided by 220.
30
Calculate the remainder when 384470 is divided by 384469.
1
What is the remainder when 55003 is divided by 15?
13
Calculate the remainder when 2249 is divided by 225.
224
What is the remainder when 4052 is divided by 193?
192
What is the remainder when 1494 is divided by 996?
498
Calculate the remainder when 110 is divided by 19.
15
Calculate the remainder when 270273 is divided by 404.
401
What is the remainder when 2954 is divided by 26?
16
What is the remainder when 5620 is divided by 111?
70
What is the remainder when 7365 is divided by 71?
52
What is the remainder when 137469 is divided by 29?
9
What is the remainder when 23057 is divided by 17?
5
What is the remainder when 227538 is divided by 23?
22
What is the remainder when 671830 is divided by 186?
184
What is the remainder when 1994420 is divided by 382?
380
What is the remainder when 210290 is divided by 142?
130
Calculate the remainder when 561 is divided by 509.
52
Calculate the remainder when 11526 is divided by 11157.
369
Calculate the remainder when 1082502 is divided by 47.
45
Calculate the remainder when 3243 is divided by 191.
187
What is the remainder when 9502 is divided by 1053?
25
What is the remainder when 648734 is divided by 8425?
9
What is the remainder when 786416 is divided by 196596?
32
Calculate the remainder when 43499 is divided by 75.
74
Calculate the remainder when 41607 is divided by 78.
33
Calculate the remainder when 81830 is divided by 744.
734
Calculate the remainder when 2647 is divided by 2634.
13
What is the remainder when 19847 is divided by 245?
2
What is the remainder when 350332 is divided by 1088?
1084
Calculate the remainder when 10725 is divided by 565.
555
What is the remainder when 10474 is divided by 26?
22
What is the remainder when 30155 is divided by 751?
115
Calculate the remainder when 286329 is divided by 11.
10
Calculate the remainder when 2454 is divided by 1205.
44
What is the remainder when 9493 is divided by 334?
141
Calculate the remainder when 574347 is divided by 350.
347
What is the remainder when 9616 is divided by 90?
76
Calculate the remainder when 54707 is divided by 1073.
1057
Calculate the remainder when 408794 is divided by 39.
35
What is the remainder when 5170 is divided by 573?
13
What is the remainder when 303287 is divided by 5?
2
What is the remainder when 73358 is divided by 2444?
38
Calculate the remainder when 10097 is divided by 1436.
45
Calculate the remainder when 27319 is divided by 13124.
1071
What is the remainder when 39313 is divided by 24?
1
What is the remainder when 13009 is divided by 151?
23
Calculate the remainder when 2993 is divided by 198.
23
What is the remainder when 8886 is divided by 1755?
111
Calculate the remainder when 4804 is divided by 1588.
40
What is the remainder when 11125313 is divided by 823?
822
Calculate the remainder when 2144 is divided by 261.
56
What is the remainder when 9817 is divided by 1?
0
Calculate the remainder when 1963 is divided by 68.
59
What is the remainder when 13072 is divided by 1864?
24
Calculate the remainder when 2486 is divided by 703.
377
Calculate the remainder when 9097 is divided by 175.
172
Calculate the remainder when 5622 is divided by 80.
22
What is the remainder when 6181 is divided by 26?
19
Calculate the remainder when 18776 is divided by 2442.
1682
Calculate the remainder when 17682 is divided by 71.
3
Calculate the remainder when 29522 is divided by 259.
255
What is the remainder when 654 is divided by 222?
210
What is the remainder when 6759 is divided by 83?
36
Calculate the remainder when 488 is divided by 26.
20
Calculate the remainder when 43443 is divided by 135.
108
What is the remainder when 224058 is divided by 169?
133
Calculate the remainder when 15318 is divided by 899.
35
What is the remainder when 4097 is divided by 185?
27
What is the remainder when 1044767 is divided by 123?
5
What is the remainder when 757 is divided by 383?
374
What is the remainder when 178 is divided by 30?
28
Calculate the remainder when 7933 is divided by 59.
27
What is the remainder when 5911 is divided by 2806?
299
What is the remainder when 7314 is divided by 1824?
18
Calculate the remainder when 1637 is divided by 542.
11
What is the remainder when 32987 is divided by 186?
65
Calculate the remainder when 25413 is divided by 234.
141
Calculate the remainder when 459643 is divided by 374.
371
Calculate the remainder when 3046 is divided by 68.
54
Calculate the remainder when 2107355 is divided by 1812.
1811
Calculate the remainder when 103700 is divided by 189.
128
Calculate the remainder when 12437 is divided by 4039.
320
Calculate the remainder when 1348981 is divided by 136.
133
Calculate the remainder when 1055193 is divided by 5.
3
What is the remainder when 12211 is divided by 423?
367
Calculate the remainder when 79898 is divided by 908.
902
What is the remainder when 6354 is divid